pose 2 = -m + 2*m. Suppose k + 2 = 0, -m*f = 3*f + k + 7. Let a be 495/(-10)*2/f. Calculate the greatest common divisor of 11 and a.
11
Let d be (-10 + 0)/(8/(-12)). Let t = -1 + 11. What is the greatest common divisor of t and d?
5
Let d = 176 + -107. What is the highest common factor of d and 46?
23
Let q be 33 + 1 - (1 + 1). What is the highest common factor of 16 and q?
16
Let b = -38 - -42. Let z(o) = o**2 - o. Let j be z(3). What is the highest common divisor of b and j?
2
Let n(o) = -o + 33. Let m be n(-22). Calculate the greatest common factor of 33 and m.
11
Suppose -4*q + 10 = 2. Let v be 2/(-1)*(-35)/q. Let i = -10 + 15. What is the highest common factor of i and v?
5
Let k = -253 - -381. Let h = -41 - -57. What is the greatest common factor of k and h?
16
Suppose -8*i + 3*i = 4*s - 123, 2*s - 59 = -5*i. Calculate the greatest common factor of 4 and s.
4
Suppose 7*p - 3*p = 16. Suppose m - p*m = 0. Suppose 5*w - 6*w + 20 = m. Calculate the greatest common divisor of 220 and w.
20
Suppose -5*h = -3*h - 228. Suppose 4*t = -0*g + 2*g + h, -2*g - 144 = -5*t. Let n be 15/(5/(t/9)). Calculate the highest common factor of n and 10.
10
Let g be (1 + -8 + 3)*-14. What is the greatest common divisor of g and 8?
8
Let d = -39 - 21. Let t = 3 - d. What is the greatest common factor of 9 and t?
9
Let f be (1/1 + 1)/(-2). Let a be 75 + (0 - (-2 - f)). Suppose -2*u + 5*w = 26 - 84, -30 = -2*u - 2*w. Calculate the highest common factor of a and u.
19
Let g = 6 - -114. What is the highest common factor of g and 48?
24
Suppose -3*f = -5*f. Suppose -4*a + 28 + 172 = f. Let w(r) = 2*r**2 + r - 1. Let h be w(3). What is the greatest common divisor of h and a?
10
Let u(q) = 7*q**2 + 6*q - 5. Let b be u(-5). What is the highest common divisor of b and 35?
35
Let b(s) = s**3 + 4*s**2 + s - 3. Let g be b(-3). Suppose -4*i + 5*f - g*f + 70 = 0, -4*i = 3*f - 65. Calculate the highest common factor of i and 17.
17
Let q be 1/2*(0 - -4). Suppose -4*b + 4*p = -204, -2*b + 3*b = q*p + 46. Let t = -9 + 16. What is the highest common factor of b and t?
7
Let q = 94 - 48. Calculate the highest common factor of q and 69.
23
Let j be (22 - 9)*(-2 - -12). Calculate the greatest common factor of j and 13.
13
Suppose 11*s - 9*s - 22 = 0. What is the highest common divisor of s and 22?
11
Let u(t) = t**3 - 7*t**2 + 2*t + 4. Let a be u(5). Let o be 136/6 + a/54. What is the greatest common factor of o and 2?
2
Let n be (10/(-15))/((-4)/30). Calculate the greatest common divisor of 2 and n.
1
Suppose -3*d + 26 = -226. Calculate the greatest common divisor of 56 and d.
28
Let k(y) = 66 - 37 - 36 - 2*y. Let x be k(-5). Let g(z) = 3*z + 3. Let o be g(6). What is the highest common divisor of o and x?
3
Let s = 273 - 189. Calculate the greatest common divisor of 28 and s.
28
Let x = 49 + -16. Let n = x + -16. Let t = -3 + n. What is the greatest common factor of t and 14?
14
Let g = -11 + 16. Suppose 11 = -g*j - 4. Let y be (j + 6)/((-2)/(-12)). Calculate the greatest common factor of y and 54.
18
Let g be (-10 + 0)/((-6)/51). What is the greatest common factor of 17 and g?
17
Let l = -80 - -210. Suppose -3*v = -b - l, -23 = -4*v + 3*b + 147. Calculate the greatest common divisor of 4 and v.
4
Let d be (4*10)/(4/4). Let q(t) = 40*t. Let g be q(1). Suppose 2*a = -3*a + g. What is the greatest common divisor of d and a?
8
Let b(r) = -r + 7. Let s be b(8). Let t be -2 + s - (-11 + -2). Let l be ((-36)/t)/((-3)/50). What is the highest common factor of l and 20?
20
Let z be ((-15)/(-6))/((-1)/(-2)). Suppose -2*a = z*x - 606, -4*x = -a + 3*a - 486. Calculate the greatest common divisor of x and 15.
15
Suppose 3*k + 4*w - 41 = 0, -4*k + 2*w = 3*w - 46. Let h = k + -8. Let s be 0 - 3/(h/(-28)). Calculate the highest common factor of s and 42.
14
Let w be (-4)/10 + (-9)/15. Let c(a) be the third derivative of -15*a**4/8 - a**3/6 + 2*a**2. Let r be c(w). Calculate the highest common divisor of r and 11.
11
Suppose s = -u - 2*s + 19, 3*s = 2*u - 11. Calculate the highest common divisor of u and 25.
5
Suppose -4*b + 5 = 2*t - 3, -5*t + 20 = 2*b. Suppose 108 = -b*s + 3*s. Let u = 45 + -21. What is the highest common factor of u and s?
12
Suppose 8*v - 48 = 4*v. Let j(o) = 5*o**3 + 3*o**2 - o - 2. Let k be j(2). Calculate the greatest common divisor of v and k.
12
Let n = -17 - -21. Suppose 4*j + n*v - 208 = 0, v = -3*j - v + 152. What is the highest common factor of j and 8?
8
Let g(i) = -i + 22. Let s be (-3)/(-1) + -8 + 5. Let d be g(s). Calculate the highest common divisor of d and 176.
22
Let t(k) = -k**3 - 3*k**2 + 5*k - 13. Let i be t(-6). Calculate the greatest common factor of 39 and i.
13
Suppose -4*a + 2*b - 24 = 0, -5*b - 5 - 10 = 5*a. Let g(q) = q**3 + 5*q**2 - 2*q + 1. Let s be g(a). Calculate the highest common factor of s and 44.
11
Let u(i) = -9*i**3 - i**2 - 3. Let j be u(-3). Calculate the highest common divisor of 21 and j.
21
Let z be 4 + -3 + (-4)/(-2). Let r be 2 - (z - 1) - -5. What is the greatest common divisor of r and 2?
1
Let y = -2 + 2. Suppose 3*s - 5*s + 4 = y. Calculate the greatest common factor of 6 and s.
2
Let v = -10 + 11. What is the highest common factor of v and 10?
1
Suppose 2*k + 98 = 2*w, w + 2*w = 5*k + 153. Calculate the highest common factor of 115 and w.
23
Let n(z) = -2*z - 4. Let x be n(-8). Suppose 4 = 2*h - 0. Suppose -h*l - 2*l = -432. Calculate the highest common factor of x and l.
12
Let a = -27 - -47. What is the highest common factor of 100 and a?
20
Suppose 17 = j + 3. What is the highest common divisor of j and 42?
14
Suppose 4*p - 5*p - 8 = -5*t, -2*p = 2*t - 8. Suppose -2*l + t*w = -l - 14, 5*l = -3*w + 18. Calculate the highest common divisor of 54 and l.
6
Let u = 14 - -21. Let p = -13 - -9. Let w(g) = g**2 + 2*g + 6. Let b be w(p). What is the highest common factor of b and u?
7
Let z(n) = 3 + 1 + 3*n**2 - 7. Let h be z(-3). Let a = -28 + 40. What is the greatest common divisor of a and h?
12
Suppose -22 = -5*h - 2. Calculate the greatest common divisor of 1 and h.
1
Let i = 4 - 7. Let w = i + 7. Suppose w*o = -75 + 335. What is the greatest common factor of o and 13?
13
Suppose 3*x - 8 - 7 = 0. Suppose -2*g + 4 = -3*j, 0 = -5*g - 0*j - 2*j + 10. Calculate the highest common factor of x and g.
1
Let w(h) = h**2 - h. Let n be w(6). What is the highest common divisor of n and 45?
15
Let b be (2 - (1 + -1))/((-4)/(-150)). What is the highest common factor of 50 and b?
25
Let l be -2 + 4 + (-1 - -45). What is the highest common factor of 115 and l?
23
Suppose -2*j + 5*d = -5*j + 135, 0 = 5*d. What is the highest common factor of j and 15?
15
Suppose -4*p + 32 + 52 = 0. Suppose 2*g - 194 + 10 = -5*c, -c = -2*g - 44. Let u = c + -24. What is the highest common factor of u and p?
7
Suppose -6*j - 69 = -3*j. Let n = -10 + j. Let c be 8/44 - 3129/n. Calculate the greatest common factor of c and 38.
19
Suppose 0 = -b - 4, -4*w + b + 0 = -256. Calculate the highest common factor of 42 and w.
21
Let p(d) = d**3 + 7*d**2 - 11*d - 9. Let w be p(-8). Calculate the highest common factor of w and 60.
15
Let r be (-36)/8*-8*1/6. Let x be (3 - 0) + 1*-1. Suppose 4*b = -4*a + 200, 2*a - 34 = x*b - 126. Calculate the greatest common factor of r and b.
6
Suppose 5*t - 2429 = 3*d, -4*t - 4*d = -56 - 1868. What is the greatest common factor of 44 and t?
44
Let w = -11 + 33. Calculate the greatest common factor of 176 and w.
22
Let u(n) = -n**3 - n**2 - 4*n - 4. Let r be u(-2). What is the highest common divisor of r and 20?
4
Let y be 3 + -16 + (-2)/(-2). Let t be ((-2)/4)/(1/y). Let k be t - 1 - 1*-2. What is the highest common divisor of 63 and k?
7
Suppose x + d - 29 = 0, 0 = -3*x - 2*d + 2 + 88. Let z(h) = x + 10 + 4*h + h**2 - h**3 - 3*h. Let m be z(0). Calculate the highest common factor of m and 14.
14
Let j(y) = 5*y - 1 + 1 + 1. Let z be j(5). Calculate the highest common factor of 39 and z.
13
Let o = 145 - 82. Let g = o + -25. What is the greatest common divisor of 95 and g?
19
Let z = -18 + 36. Calculate the greatest common factor of z and 90.
18
Suppose -5*q = -2*q - 96. Calculate the highest common factor of 4 and q.
4
Suppose -5*n + 28 = -g + 5*g, n - 3*g = 17. Calculate the greatest common factor of 56 and n.
8
Let m be (-4)/14 - (